est common factor of s and y?
1
Let w be 4 - (-3)/(-12)*0. What is the greatest common factor of 32 and w?
4
Let l be (-2 + -2)*1*-7. Let x = -3 - -7. Suppose -u = x*f - 9 - 2, 2*f - 33 = 5*u. Calculate the greatest common factor of f and l.
4
Suppose 0*s - 3*d + 51 = 3*s, 0 = -d + 4. Calculate the greatest common factor of s and 143.
13
Suppose 78 = 3*d - 5*d. Let v = 19 + d. Let w = 33 + v. What is the greatest common divisor of 65 and w?
13
Let i = -6 - -11. Let l be (3/(-1) - -1) + -61. Let f = 88 + l. What is the greatest common divisor of f and i?
5
Let w = -4 + 7. Let c(k) = k**2 + 2*k**2 - 2*k**2 - 2. Let n be c(w). Calculate the greatest common factor of 56 and n.
7
Let g = 113 - 77. What is the highest common divisor of g and 54?
18
Let b = -42 + 87. Calculate the greatest common divisor of 30 and b.
15
Suppose 5*x = 3*w - 0*x + 1912, -2*w + 5*x = 1268. Let l be (4/8)/((-2)/w). Calculate the highest common divisor of l and 23.
23
Let r = -2 - 6. Let a(u) = -10*u - 10. Let y be a(r). What is the greatest common divisor of 10 and y?
10
Suppose -5*k = -22 + 2. Suppose p - k*w + 26 = 2*p, p - 31 = -5*w. Calculate the greatest common divisor of p and 42.
6
Suppose -2*k - 2*c + 65 = -5, -55 = -k - 5*c. Suppose -5*x - 3*z = 2*z - k, x - z = 2. What is the highest common factor of 4 and x?
4
Let j = 46 + -24. Let b = j - 35. Let i = b + 21. Calculate the highest common divisor of i and 1.
1
Suppose -2*u = 7*j - 3*j - 10, j + 5*u = -20. Suppose a - 139 = -j*d + 133, 5*a - 260 = -5*d. Calculate the greatest common factor of d and 22.
11
Suppose 4 = -3*p + 7. What is the greatest common factor of p and 7?
1
Suppose 4*i - 52 + 4 = 0. Calculate the greatest common factor of i and 108.
12
Suppose 10*x = 5*x + 50. Let d be (-374)/(-55) - (-2)/x. Suppose 0*p + 3*f - 151 = -2*p, p = -5*f + 72. Calculate the highest common divisor of d and p.
7
Let c(y) be the first derivative of 3*y**2/2 - y + 4. Let g be c(1). Calculate the highest common factor of g and 4.
2
Let i(w) = w + 6. Let p be i(-3). Let f = 5 - p. What is the greatest common factor of 1 and f?
1
Let d = 309 - 85. What is the greatest common factor of 16 and d?
16
Let i(t) = -t + 1. Let w be i(-3). Suppose -5*l - o = -15, -o - 1 - 24 = -5*l. What is the greatest common factor of l and w?
4
Let s be -2 - 0 - -13 - (-18 + 19). What is the highest common factor of s and 10?
10
Let c be 26 - ((-3 - 1) + 8). What is the greatest common factor of 88 and c?
22
Let a = -78 - -82. What is the highest common divisor of a and 28?
4
Let a(s) = -s**2 - 2*s + 5. Let h be a(-3). Suppose -5*g - h*x + 13 = 0, 2*x - x = -1. Let c be 2/7 + 103/7. Calculate the highest common factor of g and c.
3
Let i(j) = -j**2 + j + 4. Let d be i(-4). Let g = 36 + d. What is the greatest common factor of g and 10?
10
Suppose 38 = 2*j - 34. What is the greatest common divisor of j and 27?
9
Let c(r) = -r**3 - 4*r**2 - 2*r + 5. Let v be c(-3). Let s be (-1 - (0 - -1))*-1. What is the greatest common divisor of v and s?
2
Let j(c) = -c + 6. Let m be j(3). Suppose -i = -0*o - 2*o + 35, m*o - 52 = i. What is the highest common factor of 68 and o?
17
Suppose -2*t + 2 = -t. Let d(c) = c**3 + c**2 - 2*c + 1. Let k be d(0). Calculate the greatest common divisor of k and t.
1
Suppose -11*a = -6*a - 45. What is the highest common factor of 3 and a?
3
Let h = 27 - 16. Suppose -3*t + 2*k = -23 - 111, 47 = t - 3*k. What is the greatest common divisor of t and h?
11
Suppose 3*f = 2*f + 36. Let y = 1 - -4. Suppose -y*d + 5*r + 20 = -40, 0 = d + 4*r - 12. Calculate the highest common factor of f and d.
12
Suppose 3*u = 4*u, 5*y - u = 0. Suppose y*s - 770 = -5*x + s, -s + 160 = x. What is the highest common factor of x and 62?
31
Let q = 528 - 286. Calculate the greatest common factor of 22 and q.
22
Let n(a) = a**3 - 16*a**2 + 17*a - 28. Let g be n(15). Suppose 0 = -3*t + 99 + 111. Suppose 2*w + 3*w = t. What is the highest common divisor of g and w?
2
Suppose 3*i = 4*i - 4. Suppose 0 = -5*q - 3*t + 130, -9*t + i*t = 0. What is the highest common factor of 286 and q?
26
Suppose 5*m = 4*d - 84, -64 = -15*d + 10*d - 4*m. What is the highest common factor of d and 128?
16
Let j(n) = n + 1. Let x(m) = -4*m + 2. Let v(k) = 3*j(k) + x(k). Let c be v(-5). Calculate the highest common divisor of 20 and c.
10
Suppose 3*l + 145 = 5*y, -y + 2*l = -l - 17. What is the highest common factor of 4 and y?
4
Let r(u) = 2*u**2 - 9*u - 8. Let l be r(8). Suppose -i - 3*x + 18 = 0, 4*x + 52 = 3*i + 2*i. Calculate the greatest common divisor of l and i.
12
Let x(l) = -l + 3. Let f be x(3). Suppose 5*r + 1 - 31 = -j, f = -3*r + 5*j - 10. Suppose -r*a = -10 - 55. What is the greatest common factor of 104 and a?
13
Let m be ((-1)/3)/(9/(-27)). What is the greatest common factor of 13 and m?
1
Suppose 5*q - 49 + 4 = 0. Calculate the greatest common factor of q and 18.
9
Let s(y) = -223*y - 3. Let c be s(-3). Suppose -3*i + 126 = -h, -h = 4*h - 3*i + c. Let f be 2*(h/(-2))/1. Calculate the highest common factor of f and 15.
15
Let u = 3 - 0. Suppose u*w + w + 8 = 0. Let a be ((w + -108)/1)/(-1). What is the greatest common factor of 10 and a?
10
Let l be (5 - 6)/((-2)/46). Suppose -5*o + 2*c = -l, 3*o + c - 17 = 3*c. Calculate the highest common divisor of 24 and o.
3
Let w(d) be the third derivative of d**5/20 + 5*d**4/24 + 5*d**3/6 - 2*d**2. Let m be w(5). What is the highest common factor of 15 and m?
15
Let c be ((-3)/4)/((-21)/56). Suppose 0*i + i - 5*q - 1 = 0, -2*q - 2 = -c*i. What is the greatest common divisor of i and 11?
1
Let g(j) = 15*j + 15. Let x be g(2). Calculate the highest common factor of 15 and x.
15
Let n = -14 + 47. Calculate the greatest common divisor of n and 22.
11
Suppose -4*d = -5*t - 32, -2*d - 1 = -d + t. Suppose -4*v - j = 2*j - 10, 4 = d*v + 4*j. Calculate the greatest common factor of 32 and v.
4
Let i = 15 - 11. Suppose h = -3*o + 182, -248 = -i*o - 4*h - 0*h. What is the greatest common factor of o and 12?
12
Suppose 2*q = -2*m + 84, 3*q + m + 3*m = 128. Let d = -50 - -95. Let r = d - -15. What is the greatest common factor of q and r?
20
Let x = 2 - 0. Let d be 4/(x/(-64)*-2). Let y = 5 - -3. Calculate the greatest common divisor of d and y.
8
Suppose -4*t - 5*q + 37 = 0, 3 + 31 = 3*t + 5*q. Suppose 0 = t*l + 2*l - 55. What is the greatest common factor of 33 and l?
11
Suppose 4*q - p = 13 - 6, -2*p = -q - 7. Let t be (-28)/(-3) + 2/q. Let b = 73 - 33. What is the highest common factor of b and t?
10
Let g = -89 + 6. Let h = 121 + g. Calculate the highest common factor of 57 and h.
19
Suppose -2*p = 3*u - p - 202, 2*u + 3*p = 123. Let i = u + -21. Calculate the highest common factor of 16 and i.
16
Suppose -2*s = -s - 3. Calculate the highest common divisor of 27 and s.
3
Suppose m + 2*m = 81. Calculate the highest common factor of 135 and m.
27
Let j = 54 + -29. What is the greatest common factor of j and 75?
25
Let y be (3*1)/1 - (-41 - -41). What is the highest common divisor of y and 3?
3
Let g be ((-2)/(4/4))/((-3)/114). Calculate the highest common divisor of g and 4.
4
Let y be 2/(-2) + (-34)/(-2). Suppose -946 = 3*d + 4*p, -p - 446 = 3*d + 488. Let n = d - -486. Calculate the greatest common factor of n and y.
16
Let g(h) = 3*h**2 - 8*h - 4. Let t be g(6). What is the highest common factor of 8 and t?
8
Suppose 23 = 3*u - 46. Let d = 41 - u. What is the greatest common divisor of 18 and d?
18
Let g = -139 + 428. Calculate the greatest common factor of g and 17.
17
Let l = 14 - 30. Let v be (2 - 45)*-1 - (2 - 2). Let o = v + l. What is the greatest common factor of 9 and o?
9
Let d(s) = s**3 - 3*s**2 - 5*s - 3. Let v be d(4). Let n be 2/(-7) + 40/v. Let r = -2 - n. What is the highest common factor of 28 and r?
4
Let s = 14 + 26. What is the highest common factor of s and 5?
5
Let w(p) = p**3 - 4*p**2 + 5*p - 6. Let c = -1 + 5. Let i be w(c). What is the greatest common divisor of 126 and i?
14
Let q = 23 - -25. Let p = -34 + 50. What is the highest common factor of p and q?
16
Let u(h) = -7*h - 5 + 1 + 5*h**2 - 4*h**2. Suppose 5*s = -4 - 6, -q + 4*s + 16 = 0. Let i be u(q). Calculate the highest common factor of i and 10.
2
Let i = 3 - -45. Let c = 34 - 22. What is the highest common divisor of i and c?
12
Let w(x) = 